{"id":183,"date":"2025-10-11T16:55:33","date_gmt":"2025-10-11T16:55:33","guid":{"rendered":"https:\/\/srv95520.seohost.com.pl\/wierszezycia\/?page_id=183"},"modified":"2026-03-01T10:59:23","modified_gmt":"2026-03-01T10:59:23","slug":"napisali-o-mnie","status":"publish","type":"page","link":"https:\/\/srv95520.seohost.com.pl\/wierszezycia\/napisali-o-mnie\/","title":{"rendered":"Napisali o mnie&#8230;"},"content":{"rendered":"\n<h2 class=\"wp-block-heading has-text-align-center\"><em><mark style=\"background-color:#f1f1f1;color:#660000\" class=\"has-inline-color\"><strong>Miejska Biblioteka Publiczna w Dobczycach <\/strong><\/mark><\/em><\/h2>\n\n\n\n<p class=\"has-text-align-center\"><em><mark style=\"background-color:#f1f1f1;color:#660000\" class=\"has-inline-color\"><strong>(01.09.2022)<\/strong><\/mark><\/em><\/p>\n\n\n\n<figure class=\"wp-block-image size-large\"><a href=\"https:\/\/biblioteka.dobczyce.pl\/jestem-zobacz-mnie-2\" target=\"_blank\" rel=\"JESTEM ZOBACZ MNIE!\"><img loading=\"lazy\" decoding=\"async\" width=\"1024\" height=\"780\" src=\"https:\/\/srv95520.seohost.com.pl\/wierszezycia\/wp-content\/uploads\/2026\/01\/Zrzut-ekranu-2026-01-19-172547-1024x780.png\" alt=\"\" class=\"wp-image-1561\" srcset=\"https:\/\/srv95520.seohost.com.pl\/wierszezycia\/wp-content\/uploads\/2026\/01\/Zrzut-ekranu-2026-01-19-172547-1024x780.png 1024w, https:\/\/srv95520.seohost.com.pl\/wierszezycia\/wp-content\/uploads\/2026\/01\/Zrzut-ekranu-2026-01-19-172547-300x229.png 300w, https:\/\/srv95520.seohost.com.pl\/wierszezycia\/wp-content\/uploads\/2026\/01\/Zrzut-ekranu-2026-01-19-172547-768x585.png 768w, https:\/\/srv95520.seohost.com.pl\/wierszezycia\/wp-content\/uploads\/2026\/01\/Zrzut-ekranu-2026-01-19-172547-1536x1171.png 1536w, https:\/\/srv95520.seohost.com.pl\/wierszezycia\/wp-content\/uploads\/2026\/01\/Zrzut-ekranu-2026-01-19-172547.png 1564w\" sizes=\"auto, (max-width: 1024px) 100vw, 1024px\" \/><\/a><figcaption class=\"wp-element-caption\"><a href=\"https:\/\/biblioteka.dobczyce.pl\/jestem-zobacz-mnie-2\" target=\"_blank\" rel=\"noreferrer noopener\">Link do artyku\u0142u<\/a><\/figcaption><\/figure>\n\n\n\n<hr class=\"wp-block-separator has-alpha-channel-opacity is-style-wide\"\/>\n\n\n\n<h2 class=\"wp-block-heading has-text-align-center\"><strong><em><mark style=\"background-color:#f1f1f1;color:#660000\" class=\"has-inline-color\">LoveKrak\u00f3w<\/mark><\/em><\/strong><\/h2>\n\n\n\n<p class=\"has-text-align-center\"><strong><em><mark style=\"background-color:#f1f1f1;color:#660000\" class=\"has-inline-color\">(17.01.2026)<\/mark><\/em><\/strong><\/p>\n\n\n\n<figure class=\"wp-block-image size-large\"><a href=\"https:\/\/lovekrakow.pl\/zmaga-sie-z-niepelnosprawnoscia-pod-respiratorem-opowiada-swiat-wierszem\" target=\"_blank\" rel=\" noreferrer noopener\"><img loading=\"lazy\" decoding=\"async\" width=\"1024\" height=\"1005\" src=\"https:\/\/srv95520.seohost.com.pl\/wierszezycia\/wp-content\/uploads\/2026\/01\/Zrzut-ekranu-2026-01-18-202537-1-1024x1005.png\" alt=\"\" class=\"wp-image-1539\" srcset=\"https:\/\/srv95520.seohost.com.pl\/wierszezycia\/wp-content\/uploads\/2026\/01\/Zrzut-ekranu-2026-01-18-202537-1-1024x1005.png 1024w, https:\/\/srv95520.seohost.com.pl\/wierszezycia\/wp-content\/uploads\/2026\/01\/Zrzut-ekranu-2026-01-18-202537-1-300x295.png 300w, https:\/\/srv95520.seohost.com.pl\/wierszezycia\/wp-content\/uploads\/2026\/01\/Zrzut-ekranu-2026-01-18-202537-1-768x754.png 768w, https:\/\/srv95520.seohost.com.pl\/wierszezycia\/wp-content\/uploads\/2026\/01\/Zrzut-ekranu-2026-01-18-202537-1.png 1266w\" sizes=\"auto, (max-width: 1024px) 100vw, 1024px\" \/><\/a><figcaption class=\"wp-element-caption\"><a href=\"https:\/\/lovekrakow.pl\/zmaga-sie-z-niepelnosprawnoscia-pod-respiratorem-opowiada-swiat-wierszem\" data-type=\"link\" data-id=\"https:\/\/lovekrakow.pl\/zmaga-sie-z-niepelnosprawnoscia-pod-respiratorem-opowiada-swiat-wierszem\" target=\"_blank\" rel=\"noreferrer noopener\">Link do artyku\u0142u<\/a><\/figcaption><\/figure>\n\n\n\n<hr class=\"wp-block-separator has-alpha-channel-opacity is-style-wide\"\/>\n\n\n\n<h2 class=\"wp-block-heading has-text-align-center has-text-color has-link-color wp-elements-739efd8dcc6d03b7cc937b6ab6617f4e\" style=\"color:#660000\"><strong><em><strong><em><mark style=\"background-color:#f1f1f1;color:#660000\" class=\"has-inline-color\">Go\u015b\u0107 Niedzielny &#8211; Krak\u00f3w <\/mark><\/em><\/strong><\/em><\/strong><\/h2>\n\n\n\n<p class=\"has-text-align-center\"><strong><em><strong><em><mark style=\"background-color:#f1f1f1;color:#660000\" class=\"has-inline-color\">(11.02.2026)<\/mark><\/em><\/strong><\/em><\/strong><\/p>\n\n\n\n<figure class=\"wp-block-image size-large\"><a class=\"https:\/\/krakow.gosc.pl\/doc\/9591986.Okruchy-lez-milosci-Zapraszamy-na-wieczor-autorski-poetki\" href=\"https:\/\/krakow.gosc.pl\/doc\/9591986.Okruchy-lez-milosci-Zapraszamy-na-wieczor-autorski-poetki\" target=\"_blank\" rel=\" https:\/\/krakow.gosc.pl\/doc\/9591986.Okruchy-lez-milosci-Zapraszamy-na-wieczor-autorski-poetki noopener\"><img loading=\"lazy\" decoding=\"async\" width=\"1024\" height=\"832\" src=\"https:\/\/srv95520.seohost.com.pl\/wierszezycia\/wp-content\/uploads\/2026\/02\/Zrzut-ekranu-2026-02-11-180220-1-1024x832.png\" alt=\"\" class=\"wp-image-1617\" srcset=\"https:\/\/srv95520.seohost.com.pl\/wierszezycia\/wp-content\/uploads\/2026\/02\/Zrzut-ekranu-2026-02-11-180220-1-1024x832.png 1024w, https:\/\/srv95520.seohost.com.pl\/wierszezycia\/wp-content\/uploads\/2026\/02\/Zrzut-ekranu-2026-02-11-180220-1-300x244.png 300w, https:\/\/srv95520.seohost.com.pl\/wierszezycia\/wp-content\/uploads\/2026\/02\/Zrzut-ekranu-2026-02-11-180220-1-768x624.png 768w, https:\/\/srv95520.seohost.com.pl\/wierszezycia\/wp-content\/uploads\/2026\/02\/Zrzut-ekranu-2026-02-11-180220-1.png 1203w\" sizes=\"auto, (max-width: 1024px) 100vw, 1024px\" \/><\/a><figcaption class=\"wp-element-caption\"><a href=\"https:\/\/krakow.gosc.pl\/doc\/9591986.Okruchy-lez-milosci-Zapraszamy-na-wieczor-autorski-poetki\" target=\"_blank\" rel=\"noreferrer noopener\">Link do artyku\u0142u<\/a><\/figcaption><\/figure>\n\n\n\n<hr class=\"wp-block-separator has-alpha-channel-opacity is-style-wide\"\/>\n\n\n\n<p class=\"has-text-align-center\"><strong><em><strong><em><mark style=\"background-color:#f1f1f1;color:#660000\" class=\"has-inline-color\">(16.02.2026)<\/mark><\/em><\/strong><\/em><\/strong><\/p>\n\n\n\n<figure class=\"wp-block-image size-large\"><a href=\"https:\/\/krakow.gosc.pl\/doc\/9597057.Poezja-Glos-Magdy-ktora-glos-stracila\"><img loading=\"lazy\" decoding=\"async\" width=\"1024\" height=\"727\" src=\"https:\/\/srv95520.seohost.com.pl\/wierszezycia\/wp-content\/uploads\/2026\/02\/Zrzut-ekranu-2026-02-16-132503-1024x727.png\" alt=\"\" class=\"wp-image-1624\" srcset=\"https:\/\/srv95520.seohost.com.pl\/wierszezycia\/wp-content\/uploads\/2026\/02\/Zrzut-ekranu-2026-02-16-132503-1024x727.png 1024w, https:\/\/srv95520.seohost.com.pl\/wierszezycia\/wp-content\/uploads\/2026\/02\/Zrzut-ekranu-2026-02-16-132503-300x213.png 300w, https:\/\/srv95520.seohost.com.pl\/wierszezycia\/wp-content\/uploads\/2026\/02\/Zrzut-ekranu-2026-02-16-132503-768x545.png 768w, https:\/\/srv95520.seohost.com.pl\/wierszezycia\/wp-content\/uploads\/2026\/02\/Zrzut-ekranu-2026-02-16-132503.png 1517w\" sizes=\"auto, (max-width: 1024px) 100vw, 1024px\" \/><\/a><figcaption class=\"wp-element-caption\"><a href=\"https:\/\/krakow.gosc.pl\/doc\/9597057.Poezja-Glos-Magdy-ktora-glos-stracila\">Link do artyku\u0142u<\/a><\/figcaption><\/figure>\n\n\n\n<hr class=\"wp-block-separator has-alpha-channel-opacity is-style-wide\"\/>\n","protected":false},"excerpt":{"rendered":"<p>Miejska Biblioteka Publiczna w Dobczycach (01.09.2022) LoveKrak\u00f3w (17.01.2026) Go\u015b\u0107 Niedzielny &#8211; Krak\u00f3w (11.02.2026) (16.02.2026)<\/p>\n","protected":false},"author":1,"featured_media":0,"parent":0,"menu_order":0,"comment_status":"closed","ping_status":"closed","template":"","meta":{"footnotes":""},"class_list":["post-183","page","type-page","status-publish","hentry"],"_links":{"self":[{"href":"https:\/\/srv95520.seohost.com.pl\/wierszezycia\/wp-json\/wp\/v2\/pages\/183","targetHints":{"allow":["GET"]}}],"collection":[{"href":"https:\/\/srv95520.seohost.com.pl\/wierszezycia\/wp-json\/wp\/v2\/pages"}],"about":[{"href":"https:\/\/srv95520.seohost.com.pl\/wierszezycia\/wp-json\/wp\/v2\/types\/page"}],"author":[{"embeddable":true,"href":"https:\/\/srv95520.seohost.com.pl\/wierszezycia\/wp-json\/wp\/v2\/users\/1"}],"replies":[{"embeddable":true,"href":"https:\/\/srv95520.seohost.com.pl\/wierszezycia\/wp-json\/wp\/v2\/comments?post=183"}],"version-history":[{"count":55,"href":"https:\/\/srv95520.seohost.com.pl\/wierszezycia\/wp-json\/wp\/v2\/pages\/183\/revisions"}],"predecessor-version":[{"id":1689,"href":"https:\/\/srv95520.seohost.com.pl\/wierszezycia\/wp-json\/wp\/v2\/pages\/183\/revisions\/1689"}],"wp:attachment":[{"href":"https:\/\/srv95520.seohost.com.pl\/wierszezycia\/wp-json\/wp\/v2\/media?parent=183"}],"curies":[{"name":"wp","href":"https:\/\/api.w.org\/{rel}","templated":true}]}}