{"id":123,"date":"2025-10-10T15:31:38","date_gmt":"2025-10-10T15:31:38","guid":{"rendered":"https:\/\/srv95520.seohost.com.pl\/wierszezycia\/?page_id=123"},"modified":"2025-11-11T21:34:14","modified_gmt":"2025-11-11T21:34:14","slug":"o-mnie","status":"publish","type":"page","link":"https:\/\/srv95520.seohost.com.pl\/wierszezycia\/o-mnie\/","title":{"rendered":"O mnie"},"content":{"rendered":"\n<figure class=\"wp-block-image size-large is-resized\"><img loading=\"lazy\" decoding=\"async\" width=\"1024\" height=\"865\" src=\"https:\/\/srv95520.seohost.com.pl\/wierszezycia\/wp-content\/uploads\/2025\/10\/Magda_K-7-1-1024x865.jpg\" alt=\"\" class=\"wp-image-130\" style=\"width:569px;height:auto\" srcset=\"https:\/\/srv95520.seohost.com.pl\/wierszezycia\/wp-content\/uploads\/2025\/10\/Magda_K-7-1-1024x865.jpg 1024w, https:\/\/srv95520.seohost.com.pl\/wierszezycia\/wp-content\/uploads\/2025\/10\/Magda_K-7-1-300x254.jpg 300w, https:\/\/srv95520.seohost.com.pl\/wierszezycia\/wp-content\/uploads\/2025\/10\/Magda_K-7-1-768x649.jpg 768w, https:\/\/srv95520.seohost.com.pl\/wierszezycia\/wp-content\/uploads\/2025\/10\/Magda_K-7-1.jpg 1440w\" sizes=\"auto, (max-width: 1024px) 100vw, 1024px\" \/><\/figure>\n\n\n<p class=\"fonts-plugin-block \" style=\"font-family: georgia;font-size: 20px;line-height: 2\"><em>Wiersze, kt\u00f3re pisz\u0119 cz\u0119sto s\u0105 wyrazem tego co czuj\u0119 i aby opowiedzie\u0107 jak wygl\u0105da \u015bwiat widziany oczami osoby niepe\u0142nosprawnej.<br>Uwielbiam podr\u00f3\u017ce te ma\u0142e i du\u017ce, ksi\u0105\u017cki, dobr\u0105 kaw\u0119 oraz spotkania z Przyjaci\u00f3\u0142mi. <br>Uko\u0144czy\u0142am studium policealne o kierunku psychologia z socjologi\u0105 otrzymuj\u0105c dyplom instruktora terapii uzale\u017cnie\u0144. <br>Uko\u0144czy\u0142am r\u00f3wnie\u017c studium Teologia rodziny, na Uniwersytecie Papieskim Jana Paw\u0142a II w Krakowie<\/em>.<br><br><strong>Magdalena Klime<\/strong>k<\/p>","protected":false},"excerpt":{"rendered":"","protected":false},"author":1,"featured_media":0,"parent":0,"menu_order":0,"comment_status":"closed","ping_status":"closed","template":"","meta":{"footnotes":""},"class_list":["post-123","page","type-page","status-publish","hentry"],"_links":{"self":[{"href":"https:\/\/srv95520.seohost.com.pl\/wierszezycia\/wp-json\/wp\/v2\/pages\/123","targetHints":{"allow":["GET"]}}],"collection":[{"href":"https:\/\/srv95520.seohost.com.pl\/wierszezycia\/wp-json\/wp\/v2\/pages"}],"about":[{"href":"https:\/\/srv95520.seohost.com.pl\/wierszezycia\/wp-json\/wp\/v2\/types\/page"}],"author":[{"embeddable":true,"href":"https:\/\/srv95520.seohost.com.pl\/wierszezycia\/wp-json\/wp\/v2\/users\/1"}],"replies":[{"embeddable":true,"href":"https:\/\/srv95520.seohost.com.pl\/wierszezycia\/wp-json\/wp\/v2\/comments?post=123"}],"version-history":[{"count":18,"href":"https:\/\/srv95520.seohost.com.pl\/wierszezycia\/wp-json\/wp\/v2\/pages\/123\/revisions"}],"predecessor-version":[{"id":965,"href":"https:\/\/srv95520.seohost.com.pl\/wierszezycia\/wp-json\/wp\/v2\/pages\/123\/revisions\/965"}],"wp:attachment":[{"href":"https:\/\/srv95520.seohost.com.pl\/wierszezycia\/wp-json\/wp\/v2\/media?parent=123"}],"curies":[{"name":"wp","href":"https:\/\/api.w.org\/{rel}","templated":true}]}}